 + 4*r. What is d(w)?
7
Let u(t) = 3*t - 4. Let c be u(3). Suppose c - 2 = -m. Let b(i) = -i**3 - i + 1. Let h(q) = 7*q**3 + 2*q**2 + 5*q - 3. Let s(a) = -6*b(a) - h(a). What is s(m)?
3
Let l(q) be the second derivative of 2*q + 0 + 3/2*q**2 + 1/6*q**3. Calculate l(3).
6
Let n(x) = -x**3 + 5*x**2 + 6*x - 3. Let s be n(6). Let q(h) be the second derivative of h**3/6 - 2*h. Give q(s).
-3
Let z(p) = -3*p**2 - 2*p**3 - 6*p + 13*p - 4 - 5*p. Let u = -17 + 14. Determine z(u).
17
Let p(d) = -d**3 - 5*d**2 + 2*d + 4. Let b be (-3)/((-6)/(-4)) - 3. Give p(b).
-6
Let r(t) = t**3 - 6*t**2 + 5. Let z = 3 + -11. Let k be 2/z - 125/(-20). Give r(k).
5
Let c(v) be the first derivative of v**4/24 + v**3 - 2*v**2 + 3. Let b(z) be the second derivative of c(z). Determine b(0).
6
Suppose w + 7 - 3 = 4*l, -w = 3*l - 3. Let h(d) = 14*d**3 - 1. Calculate h(l).
13
Let h(q) be the first derivative of -1 + 1/3*q**3 + 0*q**2 + 0*q. Suppose 2*j = 3*f + 9, -3*j - 11 = 5*f - 5*j. What is h(f)?
1
Let m(w) = 7*w. Suppose 7 = -5*i + 22. Let r be (3/(-2))/(i/18). Let v(f) = 28*f. Let u(g) = r*m(g) + 2*v(g). Calculate u(-1).
7
Let s be (-9)/6 + (-3)/(-6). Let p(j) = -3*j + 1. Calculate p(s).
4
Let n = 8 - 47/6. Let z(b) be the second derivative of -b + 0*b**2 + n*b**4 + 1/6*b**3 + 0. What is z(1)?
3
Let r(t) = 3*t**3 - 7*t**2 + 5*t + 4. Let v(x) = -13*x**3 + 29*x**2 - 21*x - 17. Let s(w) = -9*r(w) - 2*v(w). Suppose 3*i - 14 = -5. Calculate s(i).
7
Let y(d) = -20. Let c = -1 + 3. Let u(t) = -1. Let z(g) = c*y(g) - 44*u(g). Let a(w) = -w + 1. Let p(q) = a(q) + z(q). Calculate p(5).
0
Let m(q) = 4*q**3 + 15*q**2 + q + 4. Let l(d) = -3*d**3 - 10*d**2 - d - 3. Let f(z) = 7*l(z) + 5*m(z). Calculate f(4).
7
Suppose -3*z + 7*z = 4. Let p(d) = 3*d. Let x be p(z). Let r(s) = -s**3 + 4*s**2 - 2. What is r(x)?
7
Let b(a) be the third derivative of a**6/120 + a**4/24 - 5*a**3/6 + 10*a**2 - a. Let o = -1 + 1. Determine b(o).
-5
Let c(h) = 5*h**2 - 4*h**2 + 7 + 6*h - 1. Suppose 2 = s - 2. Suppose -d = -0*d + s. Calculate c(d).
-2
Suppose 3*w - 3*s - 39 = 0, 2*w - w = -2*s - 2. Let v(j) = -j**3 + 9*j**2 - 8*j - 7. Determine v(w).
-7
Let z(d) be the first derivative of d**4 + 2*d**3 - 5*d**2/2 - 3*d + 3. Let o(p) = 7*p**3 + 12*p**2 - 9*p - 7. Let a(y) = 3*o(y) - 5*z(y). What is a(-6)?
6
Let t(j) = -15*j - 17*j + 31*j + 5. Give t(5).
0
Let k(l) be the second derivative of -3*l**5/20 + l**3/3 - 3*l**2/2 - 4*l. Let q(d) = 1. Let z(b) = -k(b) - 4*q(b). Determine z(-1).
-2
Let n(k) = -20*k**3 - 17*k**2 - 14. Let g(h) = -7*h**3 - 6*h**2 - 5. Let z be 2/7 + 484/(-28). Let s(o) = z*g(o) + 6*n(o). What is s(0)?
1
Let h be (-32)/(-18) - 6/(-27). Let v be -7 + h/((-1)/(-1)). Let r(z) = -7*z**2 - z - 6. Let m(x) = 13*x**2 + 3*x + 12. Let i(w) = 6*m(w) + 11*r(w). Give i(v).
-4
Let y(r) = 3*r**3 + 5*r**2 - 3*r + 23. Let t = 9 + -1. Let d(a) = -5*a**3 - 8*a**2 + 5*a - 35. Let u(w) = t*y(w) + 5*d(w). Suppose 2*f + 3*f = 0. Give u(f).
9
Let v(x) be the second derivative of -x**3/6 + 2*x**2 - 7*x. Calculate v(0).
4
Suppose w + v = 2*v - 7, 5*v - 3 = -3*w. Let d = 2 + w. Let l(n) = 1. Let s(j) = 6*j - 2. Let h(y) = d*l(y) - s(y). Calculate h(1).
-6
Let a be ((-16)/(-2))/2*1. Let b(y) = -13*y + 4. Let i(o) = 5*o. Let h(d) = -b(d) - 2*i(d). Calculate h(a).
8
Suppose -3*f - 2*b = 67, 5*f - 41 = 7*f + 5*b. Let d be f/(-4) + (-2)/(-8). Suppose 2*i - d*i = 20. Let g(l) = 3*l + 6. Determine g(i).
-9
Let i(w) = -2*w**2 + 0 - 1 + 5*w**2 - 4*w**3 - 2*w**2. Let u(p) = -p**2 + p + 1. Let s be u(-1). Let o be (s + 0)/(2 + -3). Calculate i(o).
-4
Suppose -25 = 3*o - 6*b + b, 20 = 4*b. Let j(h) be the third derivative of -h**5/60 - 5*h**3/6 - 29*h**2. What is j(o)?
-5
Suppose 4*b = -5*r + 12 - 32, -3*r + 25 = -5*b. Let s(z) be the third derivative of -z**4/24 + z**3 + 3*z**2. Calculate s(r).
6
Let x(u) be the second derivative of -u**3/6 - u**2/2 - u. Suppose 4*l = -2*k - 14, 0 = l - 0*l + 5*k - 19. Give x(l).
5
Suppose 3*n - 13 + 40 = 0. Let p = -6 - n. Let u(y) = y**3 - 3*y**2 + 3*y - 3. What is u(p)?
6
Let a(c) = 4*c - 3*c + 2 + 0*c. Let o(r) = -r**3 - 12*r**2 + r + 16. Let l be o(-12). Suppose -5*z - 4*t - l = 13, -1 = z + 2*t. Calculate a(z).
-3
Suppose 3*g = -10 + 1. Let q(n) = -6 + n**3 - 4*n + 2*n**2 + 4 - 2. Calculate q(g).
-1
Let v(q) = -3*q**2. Let w = 23 - 14. Suppose -3*x = -4*k - 19, -k + w = 5*x - 2*k. Determine v(x).
-3
Let v(k) = 6*k - k**3 - 1 + 2*k**3 - 4*k**2 - 4*k. What is v(3)?
-4
Let p(r) = -r + 11. Suppose -5*b + 1 = 2*h - 4, h + 2*b = 2. Calculate p(h).
11
Suppose 3*h - 2 = -5. Let j(x) = 9*x**3 - 6*x**2 - 6*x + 5. Let z(t) = t**3 - t**2 - t + 1. Let r(m) = h*j(m) + 6*z(m). What is r(-1)?
4
Let u(z) = 11*z**2 + 1. Let g be 9/(-3) + (-16)/(-1). Suppose 4*y + 0*s = -2*s + 8, 0 = 5*y + 4*s - g. Determine u(y).
12
Let h(k) be the second derivative of -k**5/20 + k**4/6 + k**3/6 - 26*k - 2. What is h(-2)?
14
Let k be ((-5)/(-2))/(5/10). Let i = 1 - k. Let j(l) be the third derivative of -l**6/120 - l**5/15 + l**4/12 + l**3/6 - 2*l**2. Give j(i).
-7
Let q(v) be the third derivative of -v**5/60 + v**4/4 - v**3/3 + v**2. Calculate q(4).
6
Let f = -8 - -4. Let h(o) = 3*o**3 + 4*o**2 - 5*o + 4. Let i(w) = 2*w**3 + 5*w**2 - 6*w + 5. Let y(x) = f*i(x) + 5*h(x). Determine y(-1).
-6
Let o(f) = 2 + 2*f + 0*f + 0. Let t be -8 - 2*(0 - -1). Let s be 44/t + (-6)/(-15). Determine o(s).
-6
Let w(d) = 2*d + 13. Let a be w(-6). Let t(j) = -13*j - 1. Calculate t(a).
-14
Let g be (-1 - 0)/((-3)/3). Let u(s) = -s**2 + 4*s - 6. Let c(d) = 1. Let l(w) = g*u(w) + 5*c(w). Give l(5).
-6
Let q(s) = -2*s - 4*s + 7*s + 1. Let b(k) = -k**2 + k**3 + 0 + 2*k**2 - 3*k + 5 + 8*k. Let y(l) = -b(l) + 4*q(l). Calculate y(-1).
0
Let a = -30 + 28. Let l(o) = -o + 2. What is l(a)?
4
Suppose -4 = 5*y - 9. Let b = 0 + y. Let t(r) = r**3 - r**2 - 1. Calculate t(b).
-1
Suppose 9*a - 100 = 4*a. Suppose a = j - 5*j. Let r(c) = -3*c**2 - 3*c**2 - 2*c**3 - 5*c + 3*c**3 - 5 - 2*c**3. Give r(j).
-5
Suppose -3*z + 6*z = 6. Suppose 2*m - z = 3*h, 4 = -4*h - 2*m - 8. Let c(q) = -1 + q - 3 + 6. Determine c(h).
0
Let w be (-1 + (-10)/(-4))/((-18)/24). Let x(d) = d + 6. Let v(b) = 2*b + 11. Let u(n) = -6*v(n) + 11*x(n). Determine u(w).
2
Let u(m) = -4*m + 96. Let c be u(26). Let t(j) = -j**3 - 7*j**2 + 6*j - 10. Determine t(c).
6
Let v = 7 + -4. Suppose 0*i = v*i + 12. Let r(m) = -m**3 - m**2 + 1. Let b(k) = -4*k**3 - 7*k**2 + 2*k + 3. Let d(y) = -b(y) + 3*r(y). What is d(i)?
8
Suppose -5*m + 2*n = -n - 24, m - n - 4 = 0. Let u(d) = -5*d + 4. Let a(l) = -8*l + 7. Let f(t) = -3*a(t) + 5*u(t). What is f(m)?
-7
Let c(n) = n**2 + 2*n - 1. Let x(k) = -k + 2. Let s(j) = -2*c(j) - x(j). Give s(-2).
-2
Let f(w) = -w - 1. Let r(a) = 4*a - 4. Let b(x) = -2*f(x) - r(x). Give b(4).
-2
Let d(p) = -p - p**2 + p + 3*p. Let k(v) = -5*v - 3. Let b be k(-3). Let z be (b/9)/(-1)*-3. Determine d(z).
-4
Let h(b) = b**2 - 5*b - 10. Let f(u) = u**2 + 3*u + 3. Let s be f(-4). What is h(s)?
4
Let a(t) be the second derivative of t**4/12 + 4*t**3/3 + 9*t**2/2 + 3*t. Let c(d) = d**3 + 4*d**2 - 3*d + 4. Let h be c(-5). Determine a(h).
-3
Let k(z) = -5*z + 4 - 3 + 54*z**2 - 55*z**2. Calculate k(-4).
5
Let j(x) = 5*x - 12 + 16*x**2 + 10 - 15*x**2. Give j(-5).
-2
Let a = 11 - 7. Let f(v) = v**3 + 4*v**2 + 3. Let h be f(-4). Let w(x) = -4*x + 2*x - 2 + 0 + h*x. What is w(a)?
2
Let q(t) be the third derivative of -3*t**2 + 1/24*t**4 + 0 + 7/6*t**3 + 0*t. Let c be (2 + -7)/(2 + -1). Determine q(c).
2
Let l(z) = -5*z**2 + 2*z - 1. Let o(f) = -f**2 - f - 1. Let y(h) = -l(h) + 6*o(h). Give y(-7).
2
Let v(y) be the second derivative of 0 + 1/20*y**5 + 2*y + y**3 + 7/12*y**4 - 5/2*y**2. Determine v(-6).
-5
Let m = -16 - -16. Let a(x) = 5*x**3 + 6*x**2 - 6*x. Let v(w) = -4*w**3 - 5*w**2 + 5*w. Let q(d) = 5*a(d) + 6*v(d). What is q(m)?
0
Suppose 2*l - 30 = -5*h, 3*l - 4*l + 3*h - 7 = 0. Let x(d) = d - 7. What is x(l)?
-2
Let j(a) = 2*a - 6. Suppose 0 = 5*w - 0*w - 25. Determine j(w).
4
Let x(k) = 2*k - 1. Let n(t) = -2*t + 2. Let s(b) = 2*n(b) + 3*x(b). Give s(1).
3
Let v(a) = -a + 15. Suppose 4*x = 8*x - 80. Let r = x - 20. Give v(r).
15
Let q(t) = -t**2 + 4*t - 2. Let s be (3 + 2 - -4) + -4. What is q(s)?
-7
Let l(z) be the first derivative of z**3/3 - z**2/2 - 2*z - 2. Let q(p) = -p**3 - 15*p**